rue
Is 1592 a factor of 210647292?
False
Is 311 a factor of 97330063?
False
Is 29850174 a multiple of 18?
True
Does 1161 divide 68225004?
True
Does 563 divide 3277310828?
True
Is 847 a factor of 2060751?
True
Is 6878064 a multiple of 136?
True
Is 5529404 a multiple of 267?
False
Does 899 divide 1738128402?
False
Does 5 divide 434385167?
False
Does 222 divide 482417988?
True
Is 781160160 a multiple of 591?
True
Is 55 a factor of 2259971285?
True
Is 6 a factor of 7784183?
False
Is 18 a factor of 83759857?
False
Does 1646 divide 2629018120?
False
Is 4 a factor of 754680592?
True
Does 6801 divide 2595717267?
True
Is 356 a factor of 589464800?
True
Does 185 divide 14264875?
False
Does 34 divide 2512568924?
True
Is 34789541 a multiple of 10?
False
Is 14899483 a multiple of 531?
False
Does 151 divide 2740904955?
False
Is 7215690 a multiple of 249?
False
Is 729656448 a multiple of 384?
True
Does 3 divide 332819048?
False
Is 1977368 a multiple of 32?
False
Does 641 divide 867921171?
False
Is 1964 a factor of 23425208?
False
Is 106 a factor of 43581582?
True
Is 198711714 a multiple of 3993?
False
Is 57 a factor of 4193428951?
False
Is 6835 a factor of 1232712755?
True
Is 603456058 a multiple of 1482?
False
Is 2746678066 a multiple of 34?
True
Is 455 a factor of 41479045?
False
Is 19 a factor of 27246190?
True
Is 22 a factor of 56595622?
False
Is 26093747 a multiple of 2391?
False
Is 26 a factor of 5631258?
False
Is 475 a factor of 42022521?
False
Is 340168928 a multiple of 1474?
False
Is 1783 a factor of 842355135?
False
Is 19533115 a multiple of 49?
True
Is 25 a factor of 34608445?
False
Is 2480293953 a multiple of 12?
False
Is 102 a factor of 771926191?
False
Is 875 a factor of 335218625?
True
Is 204 a factor of 5320?
False
Does 2 divide 1962313?
False
Is 25154532 a multiple of 8?
False
Does 4201 divide 150034123?
False
Is 10 a factor of 34888659?
False
Is 448 a factor of 58140783?
False
Does 11 divide 540425078?
False
Is 95000796 a multiple of 396?
True
Is 22233076 a multiple of 107?
False
Is 11 a factor of 59526672?
False
Does 76 divide 19475705?
False
Is 211827616 a multiple of 286?
True
Does 4 divide 32765103?
False
Is 346606419 a multiple of 434?
False
Is 68 a factor of 372843660?
True
Is 179904274 a multiple of 97?
False
Is 288 a factor of 63088992?
True
Is 324155 a multiple of 68?
False
Does 2446 divide 189865858?
True
Is 81325251 a multiple of 642?
False
Does 128 divide 34656043?
False
Is 12 a factor of 81850284?
True
Is 68091891 a multiple of 7?
True
Is 251496560 a multiple of 280?
True
Is 249 a factor of 3735669890?
False
Is 266268165 a multiple of 2540?
False
Does 493 divide 3004835?
True
Is 72 a factor of 165838431?
False
Is 2845 a factor of 160642925?
True
Is 30990027 a multiple of 18?
False
Is 8686700 a multiple of 20?
True
Does 484 divide 20437603?
False
Is 45 a factor of 57709750?
False
Does 13 divide 547460189?
False
Does 9 divide 319568832?
True
Does 486 divide 60364789?
False
Does 9 divide 6587520731?
False
Is 358378817 a multiple of 141?
False
Is 44 a factor of 9858596?
True
Does 173 divide 123098669?
True
Does 152 divide 137464696?
True
Does 229 divide 4006813?
True
Is 677940284 a multiple of 1408?
False
Does 189 divide 42273441?
True
Is 219 a factor of 2241239649?
True
Is 9 a factor of 1835730963?
True
Does 1107 divide 129145941?
True
Is 428 a factor of 36133900?
True
Is 82491869 a multiple of 162?
False
Is 50786120 a multiple of 14?
True
Does 77 divide 26647918?
False
Is 87224956 a multiple of 364?
True
Is 29482764 a multiple of 6440?
False
Is 31 a factor of 10181834?
False
Is 19173704 a multiple of 583?
True
Does 47 divide 572413?
True
Is 13 a factor of 4753193548?
False
Does 1761 divide 82061877?
False
Is 1235243548 a multiple of 18?
False
Is 1508 a factor of 1173350057?
False
Is 477928352 a multiple of 232?
True
Is 443 a factor of 4026293004?
False
Does 777 divide 3416680344?
True
Does 44 divide 17723816?
True
Is 32 a factor of 4780608?
True
Is 991993383 a multiple of 19?
False
Is 2954 a factor of 815749181?
False
Does 126 divide 119855736?
True
Does 72 divide 965507037?
False
Is 3948874791 a multiple of 3963?
False
Is 868705247 a multiple of 6?
False
Does 55 divide 12914715?
True
Is 1334 a factor of 358287054?
True
Is 31 a factor of 546423642?
False
Is 205286201 a multiple of 70?
False
Is 406 a factor of 60495140?
False
Is 18 a factor of 5589234?
True
Is 23076899 a multiple of 383?
True
Is 155879460 a multiple of 5610?
True
Is 10063468 a multiple of 62?
True
Is 301990409 a multiple of 4627?
True
Does 47 divide 51608256?
True
Is 5551744 a multiple of 704?
True
Is 1452 a factor of 17450136?
True
Is 88 a factor of 16000072?
True
Is 2090811492 a multiple of 2772?
True
Is 509 a factor of 432991030?
True
Is 59242800 a multiple of 6?
True
Does 33 divide 863291550?
True
Is 77401140 even?
True
Does 127 divide 2283296424?
True
Is 15265886 a multiple of 109?
True
Is 52924570 a multiple of 34?
True
Is 1893 a factor of 46806318?
True
Does 417 divide 17080099?
False
Does 7 divide 12608960?
True
Is 24413397 a multiple of 457?
True
Is 260519985 a multiple of 2805?
True
Does 312 divide 265017168?
True
Is 177 a factor of 147011598?
True
Is 30 a factor of 205916150?
False
Is 3 a factor of 8819564?
False
Is 8543 a factor of 1696005204?
False
Does 64 divide 2099311680?
True
Does 38 divide 67494156?
True
Does 172 divide 2816092876?
True
Is 67 a factor of 480788492?
False
Is 11 a factor of 294969734?
False
Is 7 a factor of 8637704?
False
Is 42231477 a multiple of 1733?
True
Does 321 divide 171815878?
False
Is 1652 a factor of 134662617?
False
Is 3398 a factor of 16862701?
False
Is 156 a factor of 2013728?
False
Is 20748741 a multiple of 3?
True
Does 400 divide 325398201?
False
Is 440 a factor of 59852760?
True
Does 758 divide 35736668?
True
Is 42292012 a multiple of 158?
False
Does 78 divide 416215591?
False
Is 11528832 a multiple of 112?
True
Does 1143 divide 2047704?
False
Does 143 divide 38452656?
False
Does 454 divide 2454084288?
True
Is 330924628 a multiple of 6?
False
Does 1984 divide 690443904?
True
Does 1625 divide 1993875?
True
Does 142 divide 27841818?
False
Is 283622 a multiple of 134?
False
Is 379 a factor of 300788249?
False
Is 74269474 a multiple of 26?
False
Is 3131367500 a multiple of 9?
False
Does 106 divide 47781833?
False
Is 79 a factor of 6432856161?
True
Is 5744 a factor of 95959253?
False
Does 634 divide 547567414?
True
Is 314 a factor of 5428767974?
False
Is 916490861 a multiple of 13?
True
Does 78 divide 1063060518?
True
Is 2753 a factor of 2409956929?
True
Is 832 a factor of 1182740416?
True
Does 18 divide 60305182?
False
Is 4017 a factor of 75965487?
True
Is 661984722 a multiple of 21?
True
Does 10 divide 964760?
True
Is 4095439108 a multiple of 212?
True
Does 55 divide 11756910?
True
Is 61793907 a multiple of 6179?
False
Does 1111 divide 64667442?
False
Is 473 a factor of 202866862?
True
Is 126 a factor of 97170696?
True
Does 2629 divide 2492549642?
True
Does 19 divide 21738033?
True
Is 3799 a factor of 120713225?
True
Is 104190105 a multiple of 490?
False
Is 345 a factor of 24988350?
True
Does 6528 divide 36674304?
True
Does 74 divide 54404726?
True
Does 468 divide 17687398?
False
Is 360233664 a multiple of 1526?
True
Is 203669765 a multiple of 2311?
False
Is 3 a factor of 98151707?
False
Does 822 divide 11076450?
True
Is 2506356567 a multiple of 389?
False
Is 460926720 a multiple of 54?
True
Is 682530786 a multiple of 126?
True
Does 377 divide 54662361?
True
Is 469104960 a multiple of 12?
True
Does 13 divide 1032112289?
True
Does 607 divide 110422890?
False
Is 503969740 a multiple of 1180?
True
Is 10119 a factor of 1514242094?
False
Does 33 divide 76115787?
True
Is 22 a factor of 8391605?
False
Is 5649111279 a multiple of 15547?
True
Is 50 a factor of 47698850?
True
Is 16 a factor of 3902136353?
False
Is 324 a factor of 1912300058?
False
Is 24 a factor of 6159808?
False
Is 125845950 a multiple of 6?
True
Is 326227752 a multiple of 3384?
True
Does 37 divide 1843216?
False
Is 95261831 a multiple of 54?
False
Is 29089298 a multiple of 14?
True
Is 559368068 a multiple of 17?
True
Does 9 divide 4487679?
True
Does 17 divide 73278102?
False
Is 42706014 a multiple of 39?
True
Is 97824128 a multiple of 64?
True
Does 11 div